s digit of o?
1
Suppose -10*u = -81668 - 302. What is the thousands digit of u?
8
Suppose 0 = 3*g - 7*g + 40. Let b(n) = -8 + 1 - 4*n - 7*n - g*n. What is the tens digit of b(-2)?
3
Suppose -9*x = 3*k - 5*x - 206811, 2*k = -2*x + 137872. What is the tens digit of k?
3
Let m = 428 - -1368. What is the tens digit of m?
9
Let m(x) = -2*x**3 - 8*x - 11. Let u be m(-6). Suppose c - 5*p - 335 = 134, -4*p + u = c. What is the hundreds digit of c?
4
Suppose 2*k + 28 + 54 = 5*z, -5*k + z - 205 = 0. What is the hundreds digit of k/((-31)/6 + 5)?
2
Suppose -13773 = -16*o + 9346 - 7151. What is the tens digit of o?
9
Let y = -71332 - -104285. What is the ten thousands digit of y?
3
Suppose -27*o - 7292 - 862 = 0. Let c = 1030 + o. What is the hundreds digit of c?
7
Suppose -12*v + 7*v = 95. Let h(u) = -68*u - 1. Let k be h(-1). Let m = v + k. What is the units digit of m?
8
Suppose -c = -9*c + 520. Let w(v) = -19*v**3 - v**2 - v - 1. Let l be w(-1). Let q = l + c. What is the tens digit of q?
8
Let r = -565 + 559. What is the hundreds digit of (-123)/(r/(-33) + 68/(-132))?
3
Suppose -3*h - 3*f = -45, -4*f - 4 + 12 = 0. Suppose 18*q = h*q - 2*k + 4758, -4*q - 3*k + 3805 = 0. What is the hundreds digit of q?
9
Let k(n) = 123*n**2 - 3*n**3 + 40*n - 99 - 112*n**2 + 2*n**3. What is the tens digit of k(13)?
8
Suppose 5*c = -5*g + 7 + 13, -g - 2*c = -9. Let i be ((2 - -81) + 4)*g. Let k = -71 - i. What is the units digit of k?
6
Suppose 0*y + 7014 = 42*y. Let z = 53 + y. What is the units digit of z?
0
Suppose 0 = -13*l + 7*l + 24. What is the hundreds digit of (45/(-6))/(-3) + 1254/l?
3
Let g be 6/(-8 + 181362/22668). Suppose -1036 = 5*x + 4*t - g, -5*x + 6480 = -4*t. What is the thousands digit of x?
1
Suppose -62*z + 894264 - 359725 + 1116397 = 0. What is the tens digit of z?
2
Let c = -31 + 29. Let x be c + 2 - (-6 - 2/2). Suppose 3*j - 5*i = x*j - 120, i - 60 = -2*j. What is the tens digit of j?
3
Let f(v) = -163*v - 67. Let u be 3*(14/(-6) - (-4)/6). What is the hundreds digit of f(u)?
7
Let t = 12073 - 5167. What is the units digit of t?
6
Suppose -3*r = -0 + 3, -2 = 3*s - 4*r. Suppose 1 = 4*q + y - 0, 0 = 2*y - 10. What is the units digit of (-3 - q)*151/s?
1
Let d(q) = q**2 + 22*q + 24. Let c be d(-21). Let g be ((-19)/c + 1)/(26/(-117)). Suppose 29*x - g*x = 295. What is the tens digit of x?
5
Suppose -4*i - 2*z = -87 - 5, 2*z + 46 = 2*i. Suppose i*m + 173 = 24*m. Suppose m = j - 102. What is the hundreds digit of j?
2
Let r be (-10)/(-3) + 7 + (-44)/6. Let l be 2/1 + -4 + 3 + r. What is the tens digit of (-37)/(-3*l/96)?
9
Let w = 371 + -362. Suppose -12*p + w*p = -2223. What is the units digit of p?
1
Suppose -3*n - 15 = 2*n. Let t = -1432 + 1238. What is the tens digit of (t/4)/(n/6)?
9
Let v(d) = 4*d**3 + 4*d**2 + 3*d. Suppose 0 = 5*k + 2 + 3. Let h be v(k). What is the tens digit of 11*-4*1*h?
3
Let z(p) = p**3 + 3*p**2 - 3*p + 160. Let m be z(0). Suppose m*l + 8772 = 177*l. What is the tens digit of l?
1
Let c(j) = j**3 - 17*j**2 + 47*j + 17. Let l be c(15). Let v = l + -60. What is the hundreds digit of v?
2
Let l(o) = -12 + 56*o**2 + 15 - 2*o + 4*o - 4*o. What is the tens digit of l(2)?
2
Let o be 4186 + ((-14)/(-49) - 78/(-21)). Let p be 16/(-12) - o/(-15). Suppose -5*x + 5*y = -450, -y = 5*x - p - 178. What is the tens digit of x?
9
Let n(w) = -3 - w**2 + 334*w - 341*w - 2. Let i be n(-7). What is the tens digit of (-21)/i*(8 - -7)?
6
Let z = 43406 + -27899. What is the ten thousands digit of z?
1
Suppose 35*u = 153023 + 32792. What is the hundreds digit of u?
3
Let q be 3 - (-52)/44 - (-8)/(-44). Suppose -5*o - 11 = -q*f - 0, f - 3*o - 1 = 0. Suppose -15 = 9*p - 4*p, -4*p = -f*y + 760. What is the tens digit of y?
8
Let m be 3/(3/2) - (-21)/7. Let k = -3 + m. Suppose -5 - 59 = -k*u. What is the units digit of u?
2
Suppose 16*m = 6874 - 1101 + 12723. What is the thousands digit of m?
1
Let x = 53617 + -37055. What is the hundreds digit of x?
5
Let z(b) = -2*b + 34. Let l be z(10). Suppose 6*n - 64 = l. Suppose -3*k + 46 = n. What is the tens digit of k?
1
Let f(g) = 10*g**2 + 1 + g**3 - 6*g**3 + 3*g**2 - 9*g. Let y(d) = -14*d**3 + 39*d**2 - 27*d + 3. Let o(i) = 17*f(i) - 6*y(i). What is the tens digit of o(-14)?
6
Let j = 0 - -5. Suppose -j*s - 8 = -s, -s = 3*g - 1. What is the tens digit of (-1396)/(-12) + (g - 3/9)?
1
Suppose 0 = 2*y + b - 20, 4*y + 6*b - 40 = 2*b. Suppose -27 - 13 = -y*u. Suppose 5*q + 415 = 2*t, q = -u*t + 6*q + 835. What is the units digit of t?
0
Let p = -17424 - -29579. What is the hundreds digit of p?
1
Suppose 109*x - 112*x - 37336 = -2*j, 2*j - 5*x - 37328 = 0. What is the thousands digit of j?
8
Suppose -2*r + 5*v = 12, -3*v = -5*r + 9*r - 2. Let k be ((-3)/r)/(-3 - -4). Suppose k*q = z + 10, 3*z + 12 = 5*q + 6*z. What is the units digit of q?
3
What is the units digit of (-3)/(-7) - -36*755/35?
7
Suppose -s + 3*t + 12023 = 0, -t - 6 + 2 = 0. What is the hundreds digit of s?
0
Suppose -7*s = -1418 - 283. What is the hundreds digit of (-2858)/(-9) - (-108)/s?
3
Let q = 8336 + 1428. What is the tens digit of q?
6
Let k = 446 - 219. Let c = k + -111. Suppose -u - i + c = 3*i, -2*u + 2*i = -222. What is the tens digit of u?
1
Let c(v) = -228*v - 29. Let h be c(-5). Suppose -4*k = -2101 - h. What is the tens digit of k?
0
Suppose 6 - 3 = 3*m, -4*i + m - 1 = 0. Suppose 2*p + 29*z = 31*z + 970, p - 4*z - 479 = i. What is the units digit of p?
7
Let x = -6778 - -12221. What is the tens digit of x?
4
Suppose 28*l - 20295 = 37*l. Let w = l + 3157. What is the units digit of w?
2
Suppose -4*v - 5*j = 5372, 0 = v + 3*j - 6*j + 1343. Let u = 1999 + v. What is the hundreds digit of u?
6
Let t(m) = 41*m**2 + 161*m + 40. What is the ten thousands digit of t(17)?
1
Suppose 5*y - 4*a = 415, 2*y - 3*y + 2*a + 89 = 0. Let u = -74 + y. Suppose -4*c + 198 = u*l, -5*l - 2*c = -25 - 179. What is the units digit of l?
2
Let y = 23937 + -18380. What is the thousands digit of y?
5
What is the thousands digit of (2 - 1585)/(767/65 + -12)?
7
Let l(o) = 14374*o**2 + 9*o - 3. What is the tens digit of l(-1)?
6
Let r be 4 - 28*(-4 + 3). Suppose 5*d - 2*d = 0, 2*d + r = c. Let k = c - 23. What is the units digit of k?
9
Suppose 0 = 227*o - 226*o - 13858. What is the hundreds digit of o?
8
Suppose -51976 - 8021 = -2*x + l, 0 = 4*l - 4. What is the tens digit of x?
9
Let s(k) = -k**2 + 410*k - 296. What is the tens digit of s(86)?
6
Let j(l) = -l**3 - l**2 - l + 3. Let z(s) = -2*s - 4. Let b be z(-4). Let h = b - 8. What is the tens digit of j(h)?
5
Let k = -9 + 14. Suppose -8*r + 32 = -0. Suppose o - k*v = 101, 4*o + o = -r*v + 505. What is the tens digit of o?
0
Let m(o) = 103*o - 65. Suppose 124*c + 5*f = 129*c + 10, 5*c - 11 = -2*f. What is the tens digit of m(c)?
3
Let p be (-2)/(-12) - 6520/(-48). Let x be (-36)/16*p/3. Let w = x - -146. What is the units digit of w?
4
Suppose -206*q = -207*q - 138. Let x = q + 272. What is the tens digit of x?
3
Let z(o) be the third derivative of 0 + 8*o**2 + 0*o - 13/3*o**3 - 1/60*o**5 + 29/24*o**4. What is the tens digit of z(15)?
8
What is the thousands digit of (11 + 14 + -23)*-1*81110/(-4)?
0
Suppose -4*f - f = -4*h + 1, 5*f = 15. Suppose 3*u = 2 + h. Suppose -121 + 43 = -u*q. What is the units digit of q?
9
Let i(s) = 935*s - 1. Suppose -3*w + 2*p - 4 = -9, 4*p + 2 = -2*w. What is the units digit of i(w)?
4
What is the hundreds digit of (0 + 77/(-22) + 4)/(2/34024)?
5
Suppose -2*o - 2*t = -22144, -2*o + 4*t + 5468 + 16628 = 0. What is the ten thousands digit of o?
1
Let o be (8/60 - (-58)/15) + -5. What is the hundreds digit of ((-1207)/(-34))/(o/(-18))?
6
Let y = 90 + -79. Suppose y*n + 3575 = 22*n. What is the units digit of n?
5
Let c(z) = 46*z**2 + 26*z + 27. What is the thousands digit of c(19)?
7
Suppose -y + 4*f = -34272, 85226 - 16682 = 2*y - 4*f. Suppose -17*i - 34*i + y = 0. What is the tens digit of i?
7
Let p = -3231 - -3276. What is the tens digit of p?
4
What is the ten thousands digit of (36595/(-26) + -8)*(-40)/5?
1
Let y be (-370)/(-6) + -7 + (-1)/(-3). What is the hundreds digit of 392 + (8 + y)/9?
3
Let j be (8 - 2*-1)*3/6. Suppose -j*l + 4*l = 0. Suppose l = -2*t - 0*t - 3*i + 119, 2*i + 2 = 0. What is the tens digit of t?
6
Let a = -583 - -578. What is the units digit of 229 -